= -c - 26. What is v(4)?
-30
Let c(p) = -2*p + 3. Calculate c(6).
-9
Let d(z) = z**2 + 10*z - 56. Determine d(4).
0
Let w(c) = -c**2 - 12*c - 26. What is w(-4)?
6
Let q(h) = -3*h + 7. Give q(-15).
52
Let f(t) = -t**2 + 19*t - 18. Determine f(16).
30
Let v(k) = 12*k**2 + 6*k - 3. Give v(2).
57
Let q(a) = -a + 13. What is q(7)?
6
Let c(r) = -2*r**2 - r + 11. Give c(-4).
-17
Let b(f) = f**3 + 28*f - 6. Calculate b(0).
-6
Let d(s) = 35*s**3 + s**2 + s - 1. What is d(1)?
36
Let k(q) = 2*q + 2. Give k(-3).
-4
Let b(v) = -v**2 - 2*v + 1. Calculate b(-3).
-2
Let z(s) = 2*s**2 + 22*s + 16. Calculate z(-10).
-4
Let o(v) = -v. What is o(-3)?
3
Let z(c) = -10*c**2 + 8*c - 18. Determine z(2).
-42
Let a(y) = -y**3 + 3*y**2 + 7. Determine a(2).
11
Let v(b) = 14*b + 2. What is v(-2)?
-26
Let v(b) = b**2 - 8*b - 76. Give v(-6).
8
Let z(j) = 2*j + 42. Determine z(-21).
0
Let o(i) = -2*i**3 + 18*i**2 + 2*i. Give o(9).
18
Let a(g) = 31*g - 305. What is a(10)?
5
Let k(m) = -2*m**3 - 47*m**2 + 25*m + 41. Determine k(-24).
17
Let x(c) = -3*c - 4. Calculate x(-3).
5
Let i(f) = 2*f**3 + 5*f**2 + 4*f. What is i(-3)?
-21
Let n(a) = -a + 28. What is n(30)?
-2
Let v(a) = 6*a + 188. Give v(-34).
-16
Let r(t) = -t**2 + 2*t + 8. Give r(-3).
-7
Let d(t) = t**2 + 7*t + 7. Give d(-5).
-3
Let c(j) = -6*j - 35. Calculate c(-6).
1
Let i(r) = -13*r - 721. Calculate i(-56).
7
Let g(l) = l**3 - 6*l**2 - 6*l - 10. Calculate g(7).
-3
Let b(j) = -j**3 - 47*j**2 + 3*j + 134. Give b(-47).
-7
Let u(k) = -k**3 + 10*k + 15. Give u(-2).
3
Let u(d) = 7*d**2 + 41*d - 18. What is u(-6)?
-12
Let p(h) = -6*h - 99. Calculate p(-19).
15
Let n(l) = -63*l**3 - l**2 - l. What is n(-1)?
63
Let s(d) = -d + 6. Calculate s(0).
6
Let h(v) = -v**3 - 12*v**2 - 10*v + 10. What is h(-11)?
-1
Let b(d) = -2*d**3 + 9*d**2 - d + 37. What is b(5)?
7
Let o(h) = -h**3 - h**2 + h + 7. Determine o(0).
7
Let s(r) = 3*r**3 + 23*r**2 + 13*r - 6. Calculate s(-7).
1
Let z(v) = -21*v + 14. Determine z(-7).
161
Let p(f) = f**2 - 19*f + 15. Give p(17).
-19
Let c(x) = -x**3 - 11*x**2 - 20*x - 19. Determine c(-10).
81
Let x(t) = -2*t - 25. Give x(-15).
5
Let d(u) = u**3 - 7*u**2 + 9*u - 12. Determine d(6).
6
Let g(i) = -2*i**3 - 15*i**2 + 2*i + 22. Give g(-7).
-41
Let t(y) = 15*y. What is t(-2)?
-30
Let k(s) = 5*s - 6. Give k(9).
39
Let n(p) = -p + 8. Give n(0).
8
Let u(d) = 6*d**3 - d**2 + 2. Calculate u(-1).
-5
Let x(h) = 22*h + 30. Give x(-6).
-102
Let t(m) = 3*m**3 + 2*m**2 - 2*m. What is t(1)?
3
Let r(j) = -j**3 + 4*j**2 + 7*j - 6. Calculate r(5).
4
Let m(n) = -3*n**3 - 20*n**2 + 7*n + 7. Calculate m(-7).
7
Let s(k) = -6*k**2 + k + 2. Determine s(1).
-3
Let o(r) = r**3 - 6*r**2 - 9*r + 20. Calculate o(7).
6
Let v(t) = -10*t + 51. Give v(5).
1
Let x(s) = 3*s**2 + 3*s - 1. Calculate x(-3).
17
Let n(c) = 21*c**3 + c**2 - 1. Calculate n(-1).
-21
Let q(t) = 5*t + 1. Give q(1).
6
Let j(c) = -c**3 - 5*c**2 - 2*c - 29. Determine j(-6).
19
Let j(v) = v**3 + 24*v**2 + 2*v + 18. Give j(-24).
-30
Let f(v) = -5*v**2 + v - 2. Determine f(3).
-44
Let i(j) = 6*j - 84. What is i(15)?
6
Let i(z) = 33*z**2 - 3*z + 2. What is i(1)?
32
Let i(j) = -j**3 + j**2 + 2*j + 2. Determine i(-3).
32
Let o(a) = a**3 + 11*a**2 + 4*a - 11. Determine o(-10).
49
Let m(l) = -3*l - 6. Give m(-2).
0
Let b(r) = -r**3 + 14*r**2 - 16*r + 12. Determine b(13).
-27
Let h(c) = 2*c**2 + 9*c - 38. Calculate h(-7).
-3
Let y(a) = -22*a + 4. What is y(-7)?
158
Let h(g) = 14*g**3 + g**2 - 1. Determine h(-1).
-14
Let p(h) = -h + 7. Determine p(7).
0
Let y(k) = -20*k + 1. Determine y(-2).
41
Let a(j) = -37*j**3 + j**2 - 1. Calculate a(1).
-37
Let o(r) = r**3 - 6*r**2 + 8*r + 6. Determine o(3).
3
Let k(v) = v**2 - 2*v + 3. Determine k(5).
18
Let h(s) = s**2 - 5*s - 23. Determine h(7).
-9
Let d(m) = -2*m**2 + 38*m + 5. Give d(19).
5
Let m(z) = 9*z + 13. Determine m(-10).
-77
Let j(x) = 2*x - 1. Determine j(-1).
-3
Let p(w) = -8*w + 110. What is p(14)?
-2
Let v(s) = 15*s + 11. Calculate v(0).
11
Let z(t) = -4*t + 9. Calculate z(4).
-7
Let b(q) = q**2 + 6*q - 30. What is b(-9)?
-3
Let s(b) = b**3 - 14*b**2 + 13*b - 5. Calculate s(13).
-5
Let l(z) = -2*z**3 + 42*z**2 + 93*z - 25. Calculate l(23).
-2
Let k(g) = g**3 - 5*g**2 + 11*g - 15. Calculate k(2).
-5
Let c(y) = y**2 - 26*y + 78. Calculate c(3).
9
Let n(l) = -7*l**3 - 4*l - 4. Give n(-1).
7
Let b(a) = -a**2 + 7*a + 17. Give b(7).
17
Let d(f) = f - 8. Calculate d(-5).
-13
Let f(v) = -8*v**2 - 29*v + 12. Give f(-5).
-43
Let l(f) = -44*f + 3. Determine l(-1).
47
Let x(o) = 2*o**2 - 6*o - 6. What is x(5)?
14
Let b(l) = -l**3 + 9*l**2 - 13*l - 5. Determine b(7).
2
Let m(n) = -2*n + 16. What is m(5)?
6
Let j(k) = -k**2 + 19*k - 1. Determine j(18).
17
Let h(x) = x**2 - 30*x + 49. What is h(28)?
-7
Let o(m) = m**2 + 3*m - 1. Determine o(-4).
3
Let y(x) = x**3 - 2*x**2 - 3*x + 3. Calculate y(1).
-1
Let w(h) = -4*h - 19. Give w(-7).
9
Let t(g) = g - 16. Determine t(13).
-3
Let h(v) = -7*v - 189. Calculate h(-28).
7
Let h(j) = -j**2 + 9*j - 3. Calculate h(-5).
-73
Let r(s) = s**2 + s + 4. Calculate r(0).
4
Let f(l) = -2*l**2 + 36*l + 6. Give f(18).
6
Let j(w) = 4*w**3 - 4*w**2 + 5. Give j(3).
77
Let f(v) = v**2 + 11*v - 4. What is f(-12)?
8
Let q(n) = n**3 - 9*n**2 - 63*n + 12. Calculate q(-5).
-23
Let g(c) = -c**3 - 6*c**2 + 16*c + 11. Give g(-8).
11
Let n(i) = -3*i**2 + 29*i - 68. Give n(5).
2
Let i(m) = m**2 - m - 2. Calculate i(-1).
0
Let f(z) = z**2 - 9*z + 1. Give f(10).
11
Let g(r) = r**3 + 2*r**2 - 6*r - 5. Give g(-4).
-13
Let u(c) = 3*c**2 + 2*c - 10. Calculate u(2).
6
Let i(m) = m**2 + 8*m - 3. What is i(-8)?
-3
Let r(u) = -u**3 - 5*u**2 + 4*u + 6. What is r(-5)?
-14
Let p(m) = m**3 - 13*m**2 + 26*m + 33. Determine p(10).
-7
Let y(s) = -6*s**2 - s + 8. Calculate y(2).
-18
Let o(w) = -31*w - 152. Calculate o(-5).
3
Let f(r) = -2*r**3 - 2*r**2 - r - 2. What is f(-2)?
8
Let c(p) = -p**2 + 7*p - 10. What is c(6)?
-4
Let l(p) = -11*p - 38. What is l(-4)?
6
Let k(m) = m**3 - 3*m**2 - 5*m - 1. Calculate k(-2).
-11
Let l(i) = 2*i**2 + 2. Determine l(-2).
10
Let h(y) = y**3 + 9*y**2 + 3*y + 30. Calculate h(-9).
3
Let l(n) = n**2 + 18*n - 40. Give l(-20).
0
Let a(n) = -3*n - 31. What is a(-9)?
-4
Let u(w) = 4*w**2 + 2*w - 165. Give u(6).
-9
Let z(g) = 2*g**2 - 5*g + 6. Determine z(4).
18
Let q(r) = -2*r**2 + 3*r + 3. What is q(5)?
-32
Let i(u) = u**2 - 5*u + 1. Determine i(4).
-3
Let c(s) = s**3 + s**2 + 2*s + 4. Calculate c(0).
4
Let n(u) = 12*u - 52. Give n(13).
104
Let z(q) = -q**2 + q - 4. Determine z(4).
-16
Let v(r) = 2*r**2 + 11*r + 30. What is v(-5)?
25
Let d(s) = -s**3 + 5*s**2 - 11*s + 106. Calculate d(6).
4
Let f(v) = -v**2 + 8*v. What is f(7)?
7
Let j(b) = b**2 - 5*b + 7. Determine j(7).
21
Let d(j) = 33*j + 162. What is d(-5)?
-3
Let m(y) = -3*y - 6. What is m(-5)?
9
Let l(z) = z**2 - 6*z + 6. Determine l(3).
-3
Let l(b) = -b + 16. Calculate l(4).
12
Let w(y) = y**3 + 3*y**2 - y + 2. Determine w(-2).
8
Let f(k) = k**3 + 7*k**2 - 7*k + 22. What is f(-8)?
14
Let l(c) = 10*c + 1. Calculate l(1).
11
Let m(y) = -y**3 + 2*y**2 + 7*y - 8. Give m(3).
4
Let x(z) = -4*z - 5. Calculate x(-3).
7
Let j(x) = -2*x - 1. What is j(0)?
-1
Let p(w) = -16*w**2 - 10*w - 14. Give p(-2).
-58
Let s(h) = -h**2 - 28*h - 69. Calculate s(-3).
6
Let v(f) = f**3 + 9*f**2 - 6*f + 56. What is v(-10)?
16
Let b(j) = -j**2 + 5*j + 40. Give b(-5).
-10
Let w(a) = 3*a**2 - 116*a - 43. Calculate w(39).
-4
Let i(h) = h**3 + 5*h**2 - 5*h + 4. Determine i(-5).
29
Let n(h) = -h**2 - 14*h. Calculate n(-8).
48
Let c(a) = -a**3 - 11*a**2 + 35. What is c(-11)?
35
Let i(t) = -t**3 + 7*t**2 - 2*t - 5. Determine i(7).
-19
Let v(f) = 16*f - 223. What is v(15)?
17
Let t(q) = 2*q**3 - 17*q**2 - 9*q - 8. Calculate t(9).
-8
Let j(o) = -o**3 + 7*o**2 - 4*o + 1. Calculate j(6).
13
Let q(i) = -i**3 + 19*i**2 - 43*i - 76. What is q(16)?
4
Let q(c) = 2*c**3 + 5*c**2 - 5*c - 2. Determine q(-3).
4
Let p(o) = -8*o**2 - 103*o + 9. What is p(-13)?
-4
Let j(x) = x**2 - 17*x + 85. Give j(10).
15
Let k(t) = -t - 2. Give k(4).
-6
Let c(p) = -11*p. Calculate c(-1).
11
Let m(o) = 28*o + 4. Give m(3).
88
Let h(c) = 5*c**2 + 2*c - 2. What is h(-2)?
14
Let z(u) = -2*u + 3. Give z(2).
-1
Let v(y) = 4*y + 22. Determine v(-4).
6
Let y(z) = z**2 + 43*z + 89. Calculate y(-42).
47
Let n(w) = w**3 + 6